{"id":352,"date":"2024-10-28T11:59:49","date_gmt":"2024-10-28T10:59:49","guid":{"rendered":"https:\/\/viroflayenvironnement.fr\/?page_id=352"},"modified":"2025-04-11T11:08:59","modified_gmt":"2025-04-11T09:08:59","slug":"reunion-du-20-fevrier-2024","status":"publish","type":"page","link":"https:\/\/viroflayenvironnement.fr\/index.php\/reunion-du-20-fevrier-2024\/","title":{"rendered":"R\u00e9union f\u00e9vrier 2024"},"content":{"rendered":"\n<p><\/p>\n\n\n\n<p><\/p>\n\n\n\n<p><\/p>\n\n\n\n<p><\/p>\n\n\n\n<p><\/p>\n\n\n\n<p><\/p>\n\n\n\n<p><\/p>\n\n\n\n<p><\/p>\n\n\n\n<p><\/p>\n\n\n\n<p><\/p>\n\n\n\n<p><\/p>\n\n\n\n<p><\/p>\n\n\n\n<p><\/p>\n\n\n\n<p><\/p>\n\n\n\n<p><\/p>\n\n\n\n<p><\/p>\n\n\n\n<p><\/p>\n\n\n\n<p><\/p>\n\n\n\n<p><\/p>\n\n\n\n<p><\/p>\n\n\n\n<p><\/p>\n\n\n\n<p><\/p>\n\n\n\n<p><\/p>\n\n\n\n<p><\/p>\n\n\n\n<p><\/p>\n\n\n\n<p><\/p>\n\n\n\n<p><\/p>\n\n\n\n<p><\/p>\n\n\n\n<p><\/p>\n\n\n\n<p><\/p>\n\n\n\n<p><\/p>\n\n\n\n<p><\/p>\n\n\n\n<p><\/p>\n\n\n\n<p><\/p>\n\n\n\n<p>                                                                                                                                                                 <strong><u>Compte rendu de la r\u00e9union Viroflay Environnement du 20 f\u00e9vrier 2024<\/u><\/strong><\/p>\n\n\n\n<p><strong><u>Point sur l\u2019association&nbsp;:<\/u><\/strong><\/p>\n\n\n\n<ul class=\"wp-block-list\">\n<li>Production des timbres&nbsp;de l\u2019association : OK<\/li>\n<\/ul>\n\n\n\n<p><strong><u>En projet&nbsp;:<\/u><\/strong><\/p>\n\n\n\n<ul class=\"wp-block-list\">\n<li>Projet de tramway qui partirait en face de la gare Versailles RD (ou depuis la zone artisanale) en passant par le boulevard de la reine et le boulevard du roi \u00e0 Versailles. Une lettre a \u00e9t\u00e9 envoy\u00e9 \u00e0 Val\u00e9rie P\u00e9cresse en Octobre 2023. Il s\u2019agirait de la relancer en faisant un projet plan du parcours du futur tramway.<\/li>\n\n\n\n<li>Faire r\u00e9aliser une conf\u00e9rence sur la fresque du climat,<\/li>\n\n\n\n<li>Lutte de Protection des Oiseaux (LPO),<\/li>\n\n\n\n<li>Visite guid\u00e9e de l\u2019arboretum du ch\u00e8vre loup,<\/li>\n\n\n\n<li>Puits&nbsp;: L\u2019id\u00e9e serait de r\u00e9utiliser l\u2019eau des puits de Viroflay pendant les p\u00e9riodes de s\u00e9cheresse. Il faudrait se mettre en relation avec sevesc.fr et voir l\u2019onglet \u00ab&nbsp;assainissement et services&nbsp;\u00bb sur leur site web. On ne peut pas donner la localisation des puits priv\u00e9s des habitants de Viroflay mais on pourrait indiquer le secteur.<\/li>\n<\/ul>\n\n\n\n<p>Notre association reste r\u00e9serv\u00e9e pour situer les adresses o\u00f9 sont situ\u00e9s ces puits consid\u00e9rant que cela fait partie du domaine priv\u00e9.<\/p>\n\n\n\n<ul class=\"wp-block-list\">\n<li>Nous avons signal\u00e9 \u00e0 la Mairie divers orni\u00e8res dans certaines rues de Viroflay (entre autres le passage de l\u2019avenir \u00e0 Viroflay RD, \u00e0 cot\u00e9 de Viroflay RG et devant le magasin super U).<\/li>\n\n\n\n<li>Avec l\u2019accord des riverains des pavillons situ\u00e9s au-dessus de l\u2019ancien terrain du syndicat des eaux, il a \u00e9t\u00e9 demand\u00e9 qu\u2019une haie \u00e0 longue tige soit mise en place pour \u00e9viter le vis-\u00e0-vis.<\/li>\n\n\n\n<li>Lignes de bus 6 &amp; 7 Viroflay RG&nbsp;: Satory et le Chesnay&nbsp;: voir o\u00f9 rajouter des abris bus manquants (possibilit\u00e9s d\u2019am\u00e9nagements selon la disposition des arr\u00eats)&nbsp;: en cours. Un exemple est la mise en place d\u2019un abris bus devant la pharmacie principale de Viroflay (Il y a de la place).<\/li>\n\n\n\n<li>Am\u00e9nagement du quartier du village \u00e0 RG&nbsp;: Apr\u00e8s la r\u00e9union avec les riverains qui principalement \u00e9tait li\u00e9 au devenir des tilleuls, il appara\u00eet qu\u2019une solution avec la Mairie a \u00e9t\u00e9 trouv\u00e9e pour maintenir le maximum de cette arborescence, (si des doutes subsistent nous le faire savoir).&nbsp;&nbsp;<\/li>\n\n\n\n<li>Place de Stalingrad&nbsp;: Nous \u00e9tions intervenus dans un premier temps pour s\u2019opposer \u00e0 la destruction du pavillon situ\u00e9 au N\u00b06, devant le manque de riverains nous avons d\u00fb nous abstenir \u00e0 donner suite.<\/li>\n<\/ul>\n\n\n\n<p><strong>Si vous souhaitez nous faire parvenir un article pour notre journal, l\u2019envoyer \u00e0&nbsp;: jligneau@num\u00e9ricable.fr<\/strong><\/p>\n\n\n\n<p><\/p>\n","protected":false},"excerpt":{"rendered":"<p>Compte rendu de la r\u00e9union Viroflay Environnement du 20 f\u00e9vrier 2024 Point sur l\u2019association&nbsp;: En projet&nbsp;: Notre association reste r\u00e9serv\u00e9e pour situer les adresses o\u00f9 sont situ\u00e9s ces puits consid\u00e9rant que cela fait partie du domaine priv\u00e9. Si vous souhaitez nous faire parvenir un article pour notre journal, l\u2019envoyer \u00e0&nbsp;: jligneau@num\u00e9ricable.fr<\/p>\n","protected":false},"author":1,"featured_media":0,"parent":0,"menu_order":0,"comment_status":"closed","ping_status":"closed","template":"","meta":{"site-sidebar-layout":"default","site-content-layout":"","ast-site-content-layout":"narrow-width-container","site-content-style":"default","site-sidebar-style":"boxed","ast-global-header-display":"","ast-banner-title-visibility":"","ast-main-header-display":"","ast-hfb-above-header-display":"","ast-hfb-below-header-display":"","ast-hfb-mobile-header-display":"","site-post-title":"","ast-breadcrumbs-content":"","ast-featured-img":"","footer-sml-layout":"","ast-disable-related-posts":"","theme-transparent-header-meta":"","adv-header-id-meta":"","stick-header-meta":"","header-above-stick-meta":"","header-main-stick-meta":"","header-below-stick-meta":"","astra-migrate-meta-layouts":"default","ast-page-background-enabled":"default","ast-page-background-meta":{"desktop":{"background-color":"var(--ast-global-color-4)","background-image":"","background-repeat":"repeat","background-position":"center center","background-size":"auto","background-attachment":"scroll","background-type":"","background-media":"","overlay-type":"","overlay-color":"","overlay-opacity":"","overlay-gradient":""},"tablet":{"background-color":"","background-image":"","background-repeat":"repeat","background-position":"center center","background-size":"auto","background-attachment":"scroll","background-type":"","background-media":"","overlay-type":"","overlay-color":"","overlay-opacity":"","overlay-gradient":""},"mobile":{"background-color":"","background-image":"","background-repeat":"repeat","background-position":"center center","background-size":"auto","background-attachment":"scroll","background-type":"","background-media":"","overlay-type":"","overlay-color":"","overlay-opacity":"","overlay-gradient":""}},"ast-content-background-meta":{"desktop":{"background-color":"var(--ast-global-color-5)","background-image":"","background-repeat":"repeat","background-position":"center center","background-size":"auto","background-attachment":"scroll","background-type":"","background-media":"","overlay-type":"","overlay-color":"","overlay-opacity":"","overlay-gradient":""},"tablet":{"background-color":"var(--ast-global-color-5)","background-image":"","background-repeat":"repeat","background-position":"center center","background-size":"auto","background-attachment":"scroll","background-type":"","background-media":"","overlay-type":"","overlay-color":"","overlay-opacity":"","overlay-gradient":""},"mobile":{"background-color":"var(--ast-global-color-5)","background-image":"","background-repeat":"repeat","background-position":"center center","background-size":"auto","background-attachment":"scroll","background-type":"","background-media":"","overlay-type":"","overlay-color":"","overlay-opacity":"","overlay-gradient":""}},"footnotes":""},"class_list":["post-352","page","type-page","status-publish","hentry"],"_links":{"self":[{"href":"https:\/\/viroflayenvironnement.fr\/index.php\/wp-json\/wp\/v2\/pages\/352","targetHints":{"allow":["GET"]}}],"collection":[{"href":"https:\/\/viroflayenvironnement.fr\/index.php\/wp-json\/wp\/v2\/pages"}],"about":[{"href":"https:\/\/viroflayenvironnement.fr\/index.php\/wp-json\/wp\/v2\/types\/page"}],"author":[{"embeddable":true,"href":"https:\/\/viroflayenvironnement.fr\/index.php\/wp-json\/wp\/v2\/users\/1"}],"replies":[{"embeddable":true,"href":"https:\/\/viroflayenvironnement.fr\/index.php\/wp-json\/wp\/v2\/comments?post=352"}],"version-history":[{"count":12,"href":"https:\/\/viroflayenvironnement.fr\/index.php\/wp-json\/wp\/v2\/pages\/352\/revisions"}],"predecessor-version":[{"id":671,"href":"https:\/\/viroflayenvironnement.fr\/index.php\/wp-json\/wp\/v2\/pages\/352\/revisions\/671"}],"wp:attachment":[{"href":"https:\/\/viroflayenvironnement.fr\/index.php\/wp-json\/wp\/v2\/media?parent=352"}],"curies":[{"name":"wp","href":"https:\/\/api.w.org\/{rel}","templated":true}]}}

Réunion février 2024

<p></p>



<p></p>



<p></p>



<p></p>



<p></p>



<p></p>



<p></p>



<p></p>



<p></p>



<p></p>



<p></p>



<p></p>



<p></p>



<p></p>



<p></p>



<p></p>



<p></p>



<p></p>



<p></p>



<p></p>



<p></p>



<p></p>



<p></p>



<p></p>



<p></p>



<p></p>



<p></p>



<p></p>



<p></p>



<p></p>



<p></p>



<p></p>



<p></p>



<p></p>



<p>                                                                                                                                                                 <strong><u>Compte rendu de la réunion Viroflay Environnement du 20 février 2024</u></strong></p>



<p><strong><u>Point sur l’association&nbsp;:</u></strong></p>



<ul class="wp-block-list">
<li>Production des timbres&nbsp;de l’association : OK</li>
</ul>



<p><strong><u>En projet&nbsp;:</u></strong></p>



<ul class="wp-block-list">
<li>Projet de tramway qui partirait en face de la gare Versailles RD (ou depuis la zone artisanale) en passant par le boulevard de la reine et le boulevard du roi à Versailles. Une lettre a été envoyé à Valérie Pécresse en Octobre 2023. Il s’agirait de la relancer en faisant un projet plan du parcours du futur tramway.</li>



<li>Faire réaliser une conférence sur la fresque du climat,</li>



<li>Lutte de Protection des Oiseaux (LPO),</li>



<li>Visite guidée de l’arboretum du chèvre loup,</li>



<li>Puits&nbsp;: L’idée serait de réutiliser l’eau des puits de Viroflay pendant les périodes de sécheresse. Il faudrait se mettre en relation avec sevesc.fr et voir l’onglet «&nbsp;assainissement et services&nbsp;» sur leur site web. On ne peut pas donner la localisation des puits privés des habitants de Viroflay mais on pourrait indiquer le secteur.</li>
</ul>



<p>Notre association reste réservée pour situer les adresses où sont situés ces puits considérant que cela fait partie du domaine privé.</p>



<ul class="wp-block-list">
<li>Nous avons signalé à la Mairie divers ornières dans certaines rues de Viroflay (entre autres le passage de l’avenir à Viroflay RD, à coté de Viroflay RG et devant le magasin super U).</li>



<li>Avec l’accord des riverains des pavillons situés au-dessus de l’ancien terrain du syndicat des eaux, il a été demandé qu’une haie à longue tige soit mise en place pour éviter le vis-à-vis.</li>



<li>Lignes de bus 6 &amp; 7 Viroflay RG&nbsp;: Satory et le Chesnay&nbsp;: voir où rajouter des abris bus manquants (possibilités d’aménagements selon la disposition des arrêts)&nbsp;: en cours. Un exemple est la mise en place d’un abris bus devant la pharmacie principale de Viroflay (Il y a de la place).</li>



<li>Aménagement du quartier du village à RG&nbsp;: Après la réunion avec les riverains qui principalement était lié au devenir des tilleuls, il apparaît qu’une solution avec la Mairie a été trouvée pour maintenir le maximum de cette arborescence, (si des doutes subsistent nous le faire savoir).&nbsp;&nbsp;</li>



<li>Place de Stalingrad&nbsp;: Nous étions intervenus dans un premier temps pour s’opposer à la destruction du pavillon situé au N°6, devant le manque de riverains nous avons dû nous abstenir à donner suite.</li>
</ul>



<p><strong>Si vous souhaitez nous faire parvenir un article pour notre journal, l’envoyer à&nbsp;: jligneau@numéricable.fr</strong></p>



<p></p>

<p>Compte rendu de la réunion Viroflay Environnement du 20 février 2024 Point sur l’association&nbsp;: En projet&nbsp;: Notre association reste réservée pour situer les adresses où sont situés ces puits considérant que cela fait partie du domaine privé. Si vous souhaitez nous faire parvenir un article pour notre journal, l’envoyer à&nbsp;: jligneau@numéricable.fr</p>
