{"id":713,"date":"2026-01-01T18:24:24","date_gmt":"2026-01-01T17:24:24","guid":{"rendered":"https:\/\/viroflayenvironnement.fr\/?page_id=713"},"modified":"2026-01-09T16:50:27","modified_gmt":"2026-01-09T15:50:27","slug":"rendre-la-planete-habitable-pour-les-communes-aussi","status":"publish","type":"page","link":"https:\/\/viroflayenvironnement.fr\/index.php\/rendre-la-planete-habitable-pour-les-communes-aussi\/","title":{"rendered":"Rendre la plan\u00e8te habitable : pour les communes aussi !"},"content":{"rendered":"\n<p><\/p>\n\n\n\n<p><\/p>\n\n\n\n<p><\/p>\n\n\n\n<p><\/p>\n\n\n\n<p><\/p>\n\n\n\n<p><\/p>\n\n\n\n<p><\/p>\n\n\n\n<p><\/p>\n\n\n\n<p><\/p>\n\n\n\n<p><\/p>\n\n\n\n<p><\/p>\n\n\n\n<p><\/p>\n\n\n\n<p><\/p>\n\n\n\n<p><\/p>\n\n\n\n<p><\/p>\n\n\n\n<p><\/p>\n\n\n\n<p><\/p>\n\n\n\n<p><\/p>\n\n\n\n<p><\/p>\n\n\n\n<p><\/p>\n\n\n\n<p><\/p>\n\n\n\n<p><\/p>\n\n\n\n<p><\/p>\n\n\n\n<p><\/p>\n\n\n\n<p><\/p>\n\n\n\n<p><\/p>\n\n\n\n<p><\/p>\n\n\n\n<p><\/p>\n\n\n\n<p><\/p>\n\n\n\n<p><\/p>\n\n\n\n<p><\/p>\n\n\n\n<p><\/p>\n\n\n\n<p><\/p>\n\n\n\n<p><\/p>\n\n\n\n<p><\/p>\n\n\n\n<p><\/p>\n\n\n\n<p><\/p>\n\n\n\n<p><\/p>\n\n\n\n<p><\/p>\n\n\n\n<p><\/p>\n\n\n\n<p><\/p>\n\n\n\n<p><\/p>\n\n\n\n<p><\/p>\n\n\n\n<p><\/p>\n\n\n\n<p><\/p>\n\n\n\n<p><\/p>\n\n\n\n<p><\/p>\n\n\n\n<p><\/p>\n\n\n\n<p><\/p>\n\n\n\n<p><\/p>\n\n\n\n<p><\/p>\n\n\n\n<p><\/p>\n\n\n\n<p><\/p>\n\n\n\n<p><\/p>\n\n\n\n<p><\/p>\n\n\n\n<p><\/p>\n\n\n\n<p><\/p>\n\n\n\n<p><\/p>\n\n\n\n<p><\/p>\n\n\n\n<p><\/p>\n\n\n\n<p><\/p>\n\n\n\n<p><strong>Rendre la plan\u00e8te habitable : pour les communes aussi !<\/strong><\/p>\n\n\n\n<p><strong>Rendre la plan\u00e8te habitable : pour les communes aussi !<\/strong><\/p>\n\n\n\n<p><strong>Rendre la plan\u00e8te habitable : pour les communes aussi !<\/strong><\/p>\n\n\n\n<p><\/p>\n\n\n\n<p><strong><em>Chaque ann\u00e9e, nous battons un nouveau record de chaleur. Incendies g\u00e9ants, fonte des glaces, \u00e9boulements et inondations deviennent fr\u00e9quents (sans parler de l\u2019effondrement de la biodiversit\u00e9), avec des cons\u00e9quences \u00e9conomiques et humaines incalculables (mais qu\u2019il faudra bien g\u00e9rer un jour ou l\u2019autre !)<\/em><\/strong><\/p>\n\n\n\n<p>Les scientifiques du monde entier s\u2019accor\u00addent pour attribuer ces changements \u00e0 un exc\u00e8s de gaz \u00e0 effet de serre dans l\u2019atmos\u00adph\u00e8re, d\u00fb au d\u00e9veloppement des activit\u00e9s humaines depuis le d\u00e9but de l\u2019\u00e8re industrielle. Ils pr\u00e9conisent d\u2019atteindre la neutralit\u00e9 carbone au plus tard en 2050 si l\u2019on veut garder notre Terre habitable pour les futures g\u00e9n\u00e9rations.<\/p>\n\n\n\n<p>Pour y arriver, beaucoup de choses doivent changer dans nos modes de transport, dans l\u2019agriculture, dans le logement, dans la fa\u00e7on de produire, dans nos habitudes de consommation,\u2026 Et c\u2019est tout de suite et \u00e0 grande \u00e9chelle qu\u2019il faut r\u00e9agir.<\/p>\n\n\n\n<p><strong><u>H\u00e9las, tout se passe comme si nous avions tout notre temps\u2026<\/u><\/strong><\/p>\n\n\n\n<p>Les assembl\u00e9es internationales (COP) se suivent et se ressemblent : quel\u00adques belles d\u00e9clarations rarement suivies d\u2019effet (leurs d\u00e9cisions ne sont pas contraignantes).<\/p>\n\n\n\n<p>On nous pousse \u00e0 trier nos d\u00e9chets, \u00e0 rouler plus lentement, \u00e0 \u00e9conomiser l\u2019eau et &nbsp;r\u00e9gler le chauffage \u00e0 19\u00b0C en hiver. Ces gestes ne sont pas inutiles mais ils sont sans commune mesure avec les grandes d\u00e9cisions \u00e0 prendre. Certaines communes tentent d\u2019agir \u00e0 leur niveau (\u00e9clairage des rues \u00e0 LED, r\u00e9cup\u00e9ration d\u2019eau de pluie, isolation des b\u00e2timents municipaux et remplacement de leur vieille chaudi\u00e8re par une pompe \u00e0 chaleur, mat\u00e9rialisation de quelques pistes cyclables, etc.) C\u2019est certainement le cas pour Viroflay mais \u00e7a ne r\u00e9soudra pas le probl\u00e8me, de toute fa\u00e7on.<\/p>\n\n\n\n<p>Comment les communes (et les collectivit\u00e9s locales en g\u00e9n\u00e9ral) peuvent-elles agir pour r\u00e9duire notre empreinte carbone, tout en s\u2019adaptant au r\u00e9chauffement, qui continuera encore de nombreuses ann\u00e9es (m\u00eame si, d\u00e8s aujourd\u2019hui, nous arr\u00eations de rejeter la moindre mol\u00e9cule de CO<sub>2<\/sub>)?<\/p>\n\n\n\n<p>Pour commencer \u00e0 inverser la tendance, il faudrait isoler tous les logements, privil\u00e9gier les mod\u00e8les de circulation douce ou utiliser les transports collectifs, le covoiturage, arr\u00eater d\u2019employer les \u00e9nergies fossiles (p\u00e9trole, gaz, charbon) et les remplacer par l\u2019\u00e9nergie \u00e9lectrique sous toutes ses formes et donc, rapatrier ou d\u00e9velopper les industries n\u00e9cessaires, multiplier les puits de carbone,\u2026<\/p>\n\n\n\n<p>Tout ceci est hors de port\u00e9e des seuls particuliers. Les communes, les d\u00e9partements, les r\u00e9gions, l\u2019\u00e9tat, les banques, les industriels, tous doivent concourir \u00e0 cet objectif.<\/p>\n\n\n\n<p><strong><u>Pourtant localement, des possibilit\u00e9s, m\u00eame partielles, existent<\/u><\/strong><\/p>\n\n\n\n<p>Nous pourrions commencer par ombrager l\u2019espace public. Couper de grands arbres adultes pose probl\u00e8me \u00e0 cause du temps que met un nouveau plant \u00e0 fournir autant d\u2019ombre. Certaines villes tendent des \u00e9crans semi-transparents au-dessus des rues les plus expos\u00e9es, en attendant. \u00c0 Viroflay, nous avons la chance de nous situer dans un vallon. De l\u2019eau souterraine nous vient en quantit\u00e9, de V\u00e9lizy, du Bois de Fausses-Reposes, etc. Pourquoi ne pas la capter pour alimenter des fontaines publiques, remplir des bassins, pour l\u2019arrosage gratuit des jardins, pour des &#8220;brumisateurs&#8221; en \u00e9t\u00e9 ? Ces installations rendraient de grands services pendant les canicules.<\/p>\n\n\n\n<p><strong><u>La surface artificialis\u00e9e tend \u00e0 s&#8217;\u00e9tendre dans notre commune.<\/u><\/strong><\/p>\n\n\n\n<p>En \u00e9t\u00e9, ce sol absorbe la chaleur solaire et la restitue la nuit, ce qui emp\u00eache la temp\u00e9rature de redescendre. Les zones v\u00e9g\u00e9talis\u00e9es, au contraire absorbent certaines pollutions et g\u00e9n\u00e8rent une \u00e9vaporation qui rafraichit l&#8217;atmosph\u00e8re. Les pluies s&#8217;infiltrent davantage et arrose le sol. Et c&#8217;est gratuit !<\/p>\n\n\n\n<p>Cette strat\u00e9gie ne concerne pas que les rues et les places. L&#8217;habitat y contribue aussi. Le PLU pr\u00e9voit sa densification de l&#8217;habitat autour des gares (qui ne manquent pas \u00e0 Viroflay et c&#8217;est tant mieux !) Mais que ce soit sur la RD10, la rue Arthur Petit, la Place de la F\u00eate, etc., les immeubles sont construits les uns contre les autres, rentabilisant ainsi toute la surface disponible. Aucune aire de jeux ombrag\u00e9e, aucun passage public au calme et tranquillisant pour les parents. Rien pour se reposer et profiter d&#8217;espaces verdoyants.<\/p>\n\n\n\n<p>On pourrait allonger cette liste, parler des transports en commun, de l&#8217;installation de bornes de recharge, de zones pi\u00e9tonnes, etc. mais nous d\u00e9passerions largement la place de ce simple \u00e9ditorial.<\/p>\n\n\n\n<p>Au fond, ce qu&#8217;il semble manquer par dessus tout, c&#8217;est de la d\u00e9mocratie au quotidien. Faire confiance aux habitants, leur demander leur avis (et en tenir compte), les aider \u00e0 construire la ville qui leur convient pour aujourd&#8217;hui et demain, permettrait de trouver des solutions innovantes dans de nombreux domaines de la vie courante\u2026<\/p>\n\n\n\n<p><em>Viroflay environnement \u2013 mars 2024<\/em><\/p>\n\n\n\n<p><\/p>\n","protected":false},"excerpt":{"rendered":"<p>Rendre la plan\u00e8te habitable : pour les communes aussi ! Rendre la plan\u00e8te habitable : pour les communes aussi ! Rendre la plan\u00e8te habitable : pour les communes aussi ! Chaque ann\u00e9e, nous battons un nouveau record de chaleur. Incendies g\u00e9ants, fonte des glaces, \u00e9boulements et inondations deviennent fr\u00e9quents (sans parler de l\u2019effondrement de la [&hellip;]<\/p>\n","protected":false},"author":1,"featured_media":0,"parent":0,"menu_order":0,"comment_status":"closed","ping_status":"closed","template":"","meta":{"site-sidebar-layout":"default","site-content-layout":"","ast-site-content-layout":"default","site-content-style":"default","site-sidebar-style":"default","ast-global-header-display":"","ast-banner-title-visibility":"","ast-main-header-display":"","ast-hfb-above-header-display":"","ast-hfb-below-header-display":"","ast-hfb-mobile-header-display":"","site-post-title":"","ast-breadcrumbs-content":"","ast-featured-img":"","footer-sml-layout":"","ast-disable-related-posts":"","theme-transparent-header-meta":"","adv-header-id-meta":"","stick-header-meta":"","header-above-stick-meta":"","header-main-stick-meta":"","header-below-stick-meta":"","astra-migrate-meta-layouts":"default","ast-page-background-enabled":"default","ast-page-background-meta":{"desktop":{"background-color":"var(--ast-global-color-4)","background-image":"","background-repeat":"repeat","background-position":"center center","background-size":"auto","background-attachment":"scroll","background-type":"","background-media":"","overlay-type":"","overlay-color":"","overlay-opacity":"","overlay-gradient":""},"tablet":{"background-color":"","background-image":"","background-repeat":"repeat","background-position":"center center","background-size":"auto","background-attachment":"scroll","background-type":"","background-media":"","overlay-type":"","overlay-color":"","overlay-opacity":"","overlay-gradient":""},"mobile":{"background-color":"","background-image":"","background-repeat":"repeat","background-position":"center center","background-size":"auto","background-attachment":"scroll","background-type":"","background-media":"","overlay-type":"","overlay-color":"","overlay-opacity":"","overlay-gradient":""}},"ast-content-background-meta":{"desktop":{"background-color":"var(--ast-global-color-5)","background-image":"","background-repeat":"repeat","background-position":"center center","background-size":"auto","background-attachment":"scroll","background-type":"","background-media":"","overlay-type":"","overlay-color":"","overlay-opacity":"","overlay-gradient":""},"tablet":{"background-color":"var(--ast-global-color-5)","background-image":"","background-repeat":"repeat","background-position":"center center","background-size":"auto","background-attachment":"scroll","background-type":"","background-media":"","overlay-type":"","overlay-color":"","overlay-opacity":"","overlay-gradient":""},"mobile":{"background-color":"var(--ast-global-color-5)","background-image":"","background-repeat":"repeat","background-position":"center center","background-size":"auto","background-attachment":"scroll","background-type":"","background-media":"","overlay-type":"","overlay-color":"","overlay-opacity":"","overlay-gradient":""}},"footnotes":""},"class_list":["post-713","page","type-page","status-publish","hentry"],"_links":{"self":[{"href":"https:\/\/viroflayenvironnement.fr\/index.php\/wp-json\/wp\/v2\/pages\/713","targetHints":{"allow":["GET"]}}],"collection":[{"href":"https:\/\/viroflayenvironnement.fr\/index.php\/wp-json\/wp\/v2\/pages"}],"about":[{"href":"https:\/\/viroflayenvironnement.fr\/index.php\/wp-json\/wp\/v2\/types\/page"}],"author":[{"embeddable":true,"href":"https:\/\/viroflayenvironnement.fr\/index.php\/wp-json\/wp\/v2\/users\/1"}],"replies":[{"embeddable":true,"href":"https:\/\/viroflayenvironnement.fr\/index.php\/wp-json\/wp\/v2\/comments?post=713"}],"version-history":[{"count":15,"href":"https:\/\/viroflayenvironnement.fr\/index.php\/wp-json\/wp\/v2\/pages\/713\/revisions"}],"predecessor-version":[{"id":734,"href":"https:\/\/viroflayenvironnement.fr\/index.php\/wp-json\/wp\/v2\/pages\/713\/revisions\/734"}],"wp:attachment":[{"href":"https:\/\/viroflayenvironnement.fr\/index.php\/wp-json\/wp\/v2\/media?parent=713"}],"curies":[{"name":"wp","href":"https:\/\/api.w.org\/{rel}","templated":true}]}}

Rendre la planète habitable : pour les communes aussi !

<p></p>



<p></p>



<p></p>



<p></p>



<p></p>



<p></p>



<p></p>



<p></p>



<p></p>



<p></p>



<p></p>



<p></p>



<p></p>



<p></p>



<p></p>



<p></p>



<p></p>



<p></p>



<p></p>



<p></p>



<p></p>



<p></p>



<p></p>



<p></p>



<p></p>



<p></p>



<p></p>



<p></p>



<p></p>



<p></p>



<p></p>



<p></p>



<p></p>



<p></p>



<p></p>



<p></p>



<p></p>



<p></p>



<p></p>



<p></p>



<p></p>



<p></p>



<p></p>



<p></p>



<p></p>



<p></p>



<p></p>



<p></p>



<p></p>



<p></p>



<p></p>



<p></p>



<p></p>



<p></p>



<p></p>



<p></p>



<p></p>



<p></p>



<p></p>



<p></p>



<p></p>



<p><strong>Rendre la planète habitable : pour les communes aussi !</strong></p>



<p><strong>Rendre la planète habitable : pour les communes aussi !</strong></p>



<p><strong>Rendre la planète habitable : pour les communes aussi !</strong></p>



<p></p>



<p><strong><em>Chaque année, nous battons un nouveau record de chaleur. Incendies géants, fonte des glaces, éboulements et inondations deviennent fréquents (sans parler de l’effondrement de la biodiversité), avec des conséquences économiques et humaines incalculables (mais qu’il faudra bien gérer un jour ou l’autre !)</em></strong></p>



<p>Les scientifiques du monde entier s’accor­dent pour attribuer ces changements à un excès de gaz à effet de serre dans l’atmos­phère, dû au développement des activités humaines depuis le début de l’ère industrielle. Ils préconisent d’atteindre la neutralité carbone au plus tard en 2050 si l’on veut garder notre Terre habitable pour les futures générations.</p>



<p>Pour y arriver, beaucoup de choses doivent changer dans nos modes de transport, dans l’agriculture, dans le logement, dans la façon de produire, dans nos habitudes de consommation,… Et c’est tout de suite et à grande échelle qu’il faut réagir.</p>



<p><strong><u>Hélas, tout se passe comme si nous avions tout notre temps…</u></strong></p>



<p>Les assemblées internationales (COP) se suivent et se ressemblent : quel­ques belles déclarations rarement suivies d’effet (leurs décisions ne sont pas contraignantes).</p>



<p>On nous pousse à trier nos déchets, à rouler plus lentement, à économiser l’eau et &nbsp;régler le chauffage à 19°C en hiver. Ces gestes ne sont pas inutiles mais ils sont sans commune mesure avec les grandes décisions à prendre. Certaines communes tentent d’agir à leur niveau (éclairage des rues à LED, récupération d’eau de pluie, isolation des bâtiments municipaux et remplacement de leur vieille chaudière par une pompe à chaleur, matérialisation de quelques pistes cyclables, etc.) C’est certainement le cas pour Viroflay mais ça ne résoudra pas le problème, de toute façon.</p>



<p>Comment les communes (et les collectivités locales en général) peuvent-elles agir pour réduire notre empreinte carbone, tout en s’adaptant au réchauffement, qui continuera encore de nombreuses années (même si, dès aujourd’hui, nous arrêtions de rejeter la moindre molécule de CO<sub>2</sub>)?</p>



<p>Pour commencer à inverser la tendance, il faudrait isoler tous les logements, privilégier les modèles de circulation douce ou utiliser les transports collectifs, le covoiturage, arrêter d’employer les énergies fossiles (pétrole, gaz, charbon) et les remplacer par l’énergie électrique sous toutes ses formes et donc, rapatrier ou développer les industries nécessaires, multiplier les puits de carbone,…</p>



<p>Tout ceci est hors de portée des seuls particuliers. Les communes, les départements, les régions, l’état, les banques, les industriels, tous doivent concourir à cet objectif.</p>



<p><strong><u>Pourtant localement, des possibilités, même partielles, existent</u></strong></p>



<p>Nous pourrions commencer par ombrager l’espace public. Couper de grands arbres adultes pose problème à cause du temps que met un nouveau plant à fournir autant d’ombre. Certaines villes tendent des écrans semi-transparents au-dessus des rues les plus exposées, en attendant. À Viroflay, nous avons la chance de nous situer dans un vallon. De l’eau souterraine nous vient en quantité, de Vélizy, du Bois de Fausses-Reposes, etc. Pourquoi ne pas la capter pour alimenter des fontaines publiques, remplir des bassins, pour l’arrosage gratuit des jardins, pour des &#8220;brumisateurs&#8221; en été ? Ces installations rendraient de grands services pendant les canicules.</p>



<p><strong><u>La surface artificialisée tend à s&#8217;étendre dans notre commune.</u></strong></p>



<p>En été, ce sol absorbe la chaleur solaire et la restitue la nuit, ce qui empêche la température de redescendre. Les zones végétalisées, au contraire absorbent certaines pollutions et génèrent une évaporation qui rafraichit l&#8217;atmosphère. Les pluies s&#8217;infiltrent davantage et arrose le sol. Et c&#8217;est gratuit !</p>



<p>Cette stratégie ne concerne pas que les rues et les places. L&#8217;habitat y contribue aussi. Le PLU prévoit sa densification de l&#8217;habitat autour des gares (qui ne manquent pas à Viroflay et c&#8217;est tant mieux !) Mais que ce soit sur la RD10, la rue Arthur Petit, la Place de la Fête, etc., les immeubles sont construits les uns contre les autres, rentabilisant ainsi toute la surface disponible. Aucune aire de jeux ombragée, aucun passage public au calme et tranquillisant pour les parents. Rien pour se reposer et profiter d&#8217;espaces verdoyants.</p>



<p>On pourrait allonger cette liste, parler des transports en commun, de l&#8217;installation de bornes de recharge, de zones piétonnes, etc. mais nous dépasserions largement la place de ce simple éditorial.</p>



<p>Au fond, ce qu&#8217;il semble manquer par dessus tout, c&#8217;est de la démocratie au quotidien. Faire confiance aux habitants, leur demander leur avis (et en tenir compte), les aider à construire la ville qui leur convient pour aujourd&#8217;hui et demain, permettrait de trouver des solutions innovantes dans de nombreux domaines de la vie courante…</p>



<p><em>Viroflay environnement – mars 2024</em></p>



<p></p>

<p>Rendre la planète habitable : pour les communes aussi ! Rendre la planète habitable : pour les communes aussi ! Rendre la planète habitable : pour les communes aussi ! Chaque année, nous battons un nouveau record de chaleur. Incendies géants, fonte des glaces, éboulements et inondations deviennent fréquents (sans parler de l’effondrement de la [&hellip;]</p>
